w)?
-5
Let a(b) = -1. Let l(h) = -h + 3. Suppose 4*j + 2*r + 6 = 9*j, -4*j - 2 = -5*r. Let o(c) = j*l(c) + 7*a(c). Let u = 2 - 0. Calculate o(u).
-5
Let a(w) = 9*w**2. Let f be 3/6*-2*1. Let v = -2 - f. Let r = v + 0. What is a(r)?
9
Let g(i) = i**3 - i**2 + i - 7. Let n(x) = 2*x**2 + 24*x. Let q be n(-12). Give g(q).
-7
Suppose 4*b + 2*q + 6 = 0, 2*b + 11 = -2*b - q. Let s(r) = r**3 + 4*r**2 + 2*r + 2. Give s(b).
-6
Suppose 5*n - 80 = n + 4*b, -5*n + 127 = 4*b. Suppose 4*u - n = -5*g, 1 + 5 = 3*u. Let s(p) = -2*p**2 + 4*p. Determine s(g).
-6
Let g(w) = -2*w - 4. Let f be g(-4). Suppose a = -0*a + f. Let r(y) = -y + 8. Calculate r(a).
4
Let n(x) = 2*x + x + x. Let k = 0 + 0. Let p = 1 - k. Determine n(p).
4
Let k(z) = -3*z**2 - 5*z - 4. Let v(y) = -y**2 + y + 1. Let d(n) = k(n) - 2*v(n). Determine d(-6).
0
Let c(x) = -2*x - 3. Let q be 3 + (13/(-26) - (-11)/(-2)). What is c(q)?
3
Let i(y) = -2*y**3 - 2*y**2 + 2*y. Suppose x - 10 = 3*a, -5*x = -a - 2*a - 26. Determine i(a).
4
Let l(m) = -m**2 - m - 12. Let z(p) = -p**3 + 9*p**2 - 8*p. Let d be z(8). Determine l(d).
-12
Let g be (-1)/5 + 186/30. Let o(i) = 2*i**2 - i**2 - g + 4. Give o(0).
-2
Let h be (-5)/10*-17 - 6/4. Let l(i) = -i**3 + 7*i**2 - 5. Determine l(h).
-5
Let r(v) be the third derivative of -1/24*v**4 + 1/60*v**5 - 4*v**2 + 0*v - 2/3*v**3 + 0. Give r(3).
2
Let v(j) = j**3 + 3*j**2 - 4*j - 3. Let l be v(-4). Let n(o) = -14*o + 8. Let u(q) = -5*q + 3. Let i(r) = -4*n(r) + 11*u(r). Determine i(l).
-2
Let y(j) = 15*j**2 + 13*j + 6. Let b(v) = 7*v**2 + 6*v + 3. Let i(q) = -13*b(q) + 6*y(q). Let t(l) = -l**2 + 4*l. Let x be t(4). Determine i(x).
-3
Let h = -7 + 15. Let f(v) = 3 - h*v - v**3 + 2*v + 5*v**2 + 1 + 2. Give f(4).
-2
Suppose -3*h - 2*r = r - 12, -3*h - 4 = -5*r. Let c(d) = -d**2 + 3. Let a(o) = -2*o**2 - o + 7. Let i(f) = -3*a(f) + 7*c(f). What is i(h)?
2
Suppose 6 + 0 = 2*n. Let y(j) = -j. Let f(q) = q. Let t(p) = n*f(p) + 2*y(p). Let d be ((-10)/(-8))/((-2)/(-8)). What is t(d)?
5
Let m(c) = -c**3 - 9*c**2 - 6*c + 15. Let a be m(-8). Let y(r) = -7*r - 1. What is y(a)?
6
Let b(g) be the first derivative of -g - 1/2*g**2 + 4 - 1/3*g**3 + 7/4*g**4. Determine b(-1).
-8
Let o(k) = -2*k**2 - 3*k - 2. Let t(b) = -b**2 - 8*b. Let l(x) = x**2 + 7*x. Let n(d) = -7*l(d) - 6*t(d). Let z(p) = 4*n(p) - o(p). What is z(-2)?
-4
Let b(r) = r**2 - 4*r - 4. Suppose 3*q + 4*g + 30 = 0, 0 = 2*q - g + 5 + 4. Let w = 11 + q. Determine b(w).
1
Let s(x) be the third derivative of -x**5/24 - x**4/24 - 7*x**3/6 + 7*x**2. Let n(m) be the first derivative of s(m). Give n(-3).
14
Let x = -12 + 17. Suppose -x*o + t = -2, -2*o - 11 = -4*t - 1. Let c(n) = -o - 4*n**3 - 38*n + 38*n. Give c(1).
-5
Let i(p) = -4*p + 3. Let k be 4/(3/(-3)) + 0. Let h = k + 6. Determine i(h).
-5
Let h(k) = 6*k + 10*k**2 - 4*k - 8*k**2 - 3 - 4*k**2. Calculate h(2).
-7
Let v(r) = -7*r - 4. Let f(o) be the second derivative of -10*o**3/3 - 6*o**2 - 4*o. Let q(d) = -6*f(d) + 17*v(d). Let l = 4 + -6. Determine q(l).
2
Let x(s) = s**2 + 3*s - 4. Suppose 3*a = -0*a - 5*u + 24, -2*a - 4*u = -16. Suppose 0 = -n + 4*g - 3 - 9, a = 4*g. What is x(n)?
0
Suppose 5*v + 19 = 3*y, -4*y - 3*v - 21 = -y. Let m be (-2)/(-6)*(-13 + y). Let t(f) = -f**3 - 6*f**2 - 5*f - 2. Give t(m).
-2
Let q be 2 + (-4 + 1 - -3). Let y be (-2)/(-2)*3 + 0. Let h(t) = 2*t - q*t - 4*t**y - 3*t**3 - 1. Give h(1).
-8
Let j(c) = 3*c - 6. Let s be 1/4 + (-21)/(-12). Suppose 21 = i + 2*i + s*m, -5*i - 5*m + 40 = 0. Calculate j(i).
9
Let s(t) = -t**3 - 7*t**2 + t - 2. Suppose 5*u + 3*k = -41, -4*u = -0*u + 4*k + 36. Determine s(u).
-9
Let l(h) be the second derivative of -h**7/840 - h**6/72 - h**5/40 + h**4/24 - h**3/3 + h. Let b(i) be the second derivative of l(i). Calculate b(-4).
-3
Let f(d) = 52*d**2 - 6 + 3*d - 4*d - 47*d**2 + d**3. Suppose -9 = 2*v + 1. Calculate f(v).
-1
Let i = -47 - -54. Let b(z) = -2*z - 3. What is b(i)?
-17
Let m be 6/(-27) - (-130)/18. Suppose 5 = 4*u + 3*z - m, 0 = -2*u - 2*z + 8. Let i(a) = -a + 13. Determine i(u).
13
Let i(d) = -48 + 4*d**2 + 2*d - 3*d**2 + 47. Give i(-3).
2
Suppose l + 4*b + 17 = 0, 9*l - 4*l + 3*b = 0. Let n(g) = g**2 + 6 - 5 - 6*g + l. Give n(4).
-4
Let n(w) = w**3 + 2*w**2 - w + 1. Suppose 3*i + 1 = 4*u + 6, 0 = 4*u - 5*i + 3. Give n(u).
3
Let j(n) = 3*n - 14. Let c = 5 - -1. Let v(l) = l - 5. Let p(r) = c*j(r) - 17*v(r). Let z = 8 - 12. Give p(z).
-3
Suppose -2*b + 11 = 3. Let o(k) = -5 - k + b + 0 + 2*k**2 + 3*k. What is o(-2)?
3
Let p(l) = 2*l**2 + l - 4. Suppose -11 = -4*c - n, 0*c - 1 = -c - 2*n. Give p(c).
17
Let k(y) be the third derivative of -4*y**2 + 0*y**5 + 1/3*y**3 + 0 + 0*y - 1/120*y**6 + 1/24*y**4. Determine k(-2).
8
Suppose -3*r = -3*b + r - 5, 3*b = -2*r + 7. Let c(a) = -a - 9. Let i be c(-12). Let u(o) = -i*o + 2*o - b + 4 - 5. Determine u(-1).
-1
Let f(v) = -v + 24*v**2 + v**3 - 12*v**2 + 5 - 18*v**2. What is f(6)?
-1
Let u(b) be the third derivative of b**5/60 - b**3/6 + b**2. Let w(y) = y - 1. Let g(j) = -8*j - 6. Let c(o) = g(o) + 10*w(o). Let k be c(7). What is u(k)?
3
Let b(d) = 184 - 34*d**2 - 178 + 28*d**2 - d**3 + 3*d. Let z(u) = -2*u + 2. Let f be z(4). Calculate b(f).
-12
Suppose x = -0*x. Suppose t + t = x. Let r(i) be the second derivative of -i**3/6 + 3*i**2 + 3*i. What is r(t)?
6
Suppose -3*q + j = 2*q - 9, 3*j + 1 = 2*q. Let d(p) = -4*p + 3. What is d(q)?
-5
Let n be 16/10 - 6/10. Let r(h) = 5*h**2 - n - 5*h**2 - h + 0 + h**2. Calculate r(3).
5
Let t(r) = r**2 + 7*r + 6. Let u(c) = 2*c + 2. Suppose -5 = -4*p - 17. Let i be u(p). Give t(i).
-6
Let c(v) = -15*v**2 + 3*v - 12. Let p(z) = -7*z**2 + z - 6. Let t(w) = 6*c(w) - 13*p(w). Let x be 1/((-5)/6*(-18)/(-60)). Calculate t(x).
2
Let i(o) = 9*o + 6. Let u(g) = 5*g + 3. Let r(t) = -6*i(t) + 11*u(t). What is r(5)?
2
Let m be 4/14 - (-23)/(-7). Let i(a) be the second derivative of -a**4/12 - 5*a**3/6 - 6*a. What is i(m)?
6
Let i = -14 - -17. Let c(y) = -4*y - 9. Let k(h) = -2*h - 4. Let t(w) = i*c(w) - 7*k(w). Suppose -4*u - 5*f - 4 = -f, 0 = -2*u - 4*f - 8. Calculate t(u).
5
Let c(b) be the first derivative of 1/4*b**4 - 5/2*b**2 + 4*b + 6 - 5/3*b**3. What is c(6)?
10
Let h(n) = -9*n - 3 + 4*n + 3*n. Give h(-2).
1
Let h(o) = o + 5. Let x be (-2)/(-8)*6*-2. Let a(g) = g**3 + 2*g**2 - 3*g + 3. Let u be a(x). Suppose -2*k = u + 5. Calculate h(k).
1
Let b(h) = 5*h - 2. Let q(v) = v - 1. Let l(g) = b(g) + 2*q(g). Determine l(3).
17
Let b(v) = v - 1. Let l(p) = 4*p - 12. Let a(q) = -3*b(q) + l(q). Determine a(7).
-2
Suppose 8 + 4 = 3*v. Let t be (-3)/6 + (-15)/(-6). Let w(d) = 3*d**3 - d**2 - 3*d**t + 3 - v*d**3. Determine w(-3).
-6
Let w = 10 - 8. Suppose 2*p = -5*u + 8, 2*p + w - 10 = -4*u. Let m(q) = 4*q - 4 - 4*q**2 + 8 - q**3 - p*q. What is m(-4)?
4
Let c(u) be the third derivative of 0 - 1/8*u**4 + 0*u + 1/30*u**5 - 1/3*u**3 - 3*u**2. Give c(-2).
12
Let x(l) = -11*l - 18*l + 26*l + 1. Let b(u) = 5*u + 1. Let d be b(-1). Give x(d).
13
Let j(i) be the first derivative of -i**7/840 - i**6/180 + i**5/120 - i**4/24 - 2*i**3/3 + 3. Let f(b) be the third derivative of j(b). What is f(-3)?
5
Let n(s) = 2*s + 5. Suppose 0 = c + 5*x + 3 - 1, 2*x = -4*c - 26. What is n(c)?
-9
Let x(h) = h**2 - 2*h + 2. Suppose 0 = 4*o - 3 - 9. Give x(o).
5
Let x = 38 - 33. Let y(c) = 5*c**2 - c**3 - c**2 + 2 + 1 + 4*c. Calculate y(x).
-2
Let x(y) = 1. Let b(w) = 3*w + 12. Suppose 0 - 4 = 4*u. Let s(l) = u*b(l) + 12*x(l). Calculate s(4).
-12
Let a be (5 - 9)*(-13)/4. Let h = a + -19. Let j(c) = -c**2 - 9*c - 7. Determine j(h).
11
Let k = -14 + 17. Let d(n) = -2*n + 2. What is d(k)?
-4
Let v(r) = 26*r**2 - r - 1. Let o(s) = -4*s + 3. Let n be o(1). Determine v(n).
26
Let o(a) = a**3 + 10*a**2 + 11*a + 2. Let m(l) = -l**3 - 9*l**2 - 10*l - 3. Let h(b) = 3*m(b) + 2*o(b). Give h(-5).
-15
Let v(u) = 2*u - 4. Let c be v(4). Suppose m + 4 = 3*l - 12, -4*l - c*m = 0. Suppose -8*s = -l*s - 12. Let r(g) = g**3 - 3*g**2 - g + 1. What is r(s)?
-2
Suppose -11 = -3*x + 4. Let a(u) = u**2 - 7*u + 5. Determine a(x).
-5
Suppose -2 = h - 3*h - 2*f, 3*h = 2*f + 23. Let q(z) be the first derivative of 1/4*z**4 + 7*z - 1 - 5/2*z**2 - 4/3*z**3. What is q(h)?
7
Let r be (0 - (-3 + 1))*2. Suppose r = 3*l - l. Let h(b) = -2 + l*b + 3 - b**2 - b**2. Calculate h(2).
-3
Let s(o) = o**2 + 8*o 